{"id":347,"date":"2025-06-30T11:54:36","date_gmt":"2025-06-30T11:54:36","guid":{"rendered":"https:\/\/pancalsa.com\/?page_id=347"},"modified":"2025-07-02T06:51:51","modified_gmt":"2025-07-02T06:51:51","slug":"nuestros-productos-2","status":"publish","type":"page","link":"https:\/\/pancalsa.com\/?page_id=347","title":{"rendered":"Nuestros productos"},"content":{"rendered":"\n<p>En panader\u00eda Pancalsa estamos orgullosos de todos nuestros productos, per aqu\u00ed te presentamos algunos de los que m\u00e1s \u00e9xito tienen entre nuestros clientes. Sabemos que se te va a hacer la boca agua.<\/p>\n\n\n\n<p><br><div class=\"responsive-tabs\">\n<h2 class=\"tabtitle\">Panader\u00eda<\/h2>\n<div class=\"tabcontent\">\n<\/p>\n\n\n\n<h2 class=\"wp-block-heading\">Chapata<\/h2>\n\n\n\n<figure class=\"wp-block-image\"><a href=\"https:\/\/pancalsa.com\/wp-content\/uploads\/2019\/09\/chapata.jpg\"><img loading=\"lazy\" decoding=\"async\" width=\"1024\" height=\"680\" src=\"https:\/\/pancalsa.com\/wp-content\/uploads\/2019\/09\/chapata-1024x680.jpg\" alt=\"\" class=\"wp-image-112\" srcset=\"https:\/\/pancalsa.com\/wp-content\/uploads\/2019\/09\/chapata-1024x680.jpg 1024w, https:\/\/pancalsa.com\/wp-content\/uploads\/2019\/09\/chapata-300x199.jpg 300w, https:\/\/pancalsa.com\/wp-content\/uploads\/2019\/09\/chapata-768x510.jpg 768w\" sizes=\"(max-width: 1024px) 100vw, 1024px\" \/><\/a><\/figure>\n\n\n\n<p>Una bestia de 600 gr, sabrosa con una gran corteza crujiente. Ideal para untar, har\u00e1 las delicias en tus comidas.<\/p>\n\n\n\n<h2 class=\"wp-block-heading\">Baguette<\/h2>\n\n\n\n<figure class=\"wp-block-image\"><a href=\"https:\/\/pancalsa.com\/wp-content\/uploads\/2019\/09\/BAGUETTES.jpg\"><img loading=\"lazy\" decoding=\"async\" width=\"1024\" height=\"680\" src=\"https:\/\/pancalsa.com\/wp-content\/uploads\/2019\/09\/BAGUETTES-1024x680.jpg\" alt=\"\" class=\"wp-image-115\" srcset=\"https:\/\/pancalsa.com\/wp-content\/uploads\/2019\/09\/BAGUETTES-1024x680.jpg 1024w, https:\/\/pancalsa.com\/wp-content\/uploads\/2019\/09\/BAGUETTES-300x199.jpg 300w, https:\/\/pancalsa.com\/wp-content\/uploads\/2019\/09\/BAGUETTES-768x510.jpg 768w\" sizes=\"(max-width: 1024px) 100vw, 1024px\" \/><\/a><\/figure>\n\n\n\n<p>Baguette de pan pan, con sabor y corteza crujiente. Disponible tambi\u00e9n en formato de media cocci\u00f3n, m\u00e1s suave al paladar.<\/p>\n\n\n\n<p>Ideal para bocadillos.<\/p>\n\n\n\n<h2 class=\"wp-block-heading\">Chapata de ma\u00edz<\/h2>\n\n\n\n<figure class=\"wp-block-image\"><a href=\"https:\/\/pancalsa.com\/wp-content\/uploads\/2019\/09\/BARRA-PAN-DE-MAIZ.jpg\"><img decoding=\"async\" src=\"https:\/\/pancalsa.com\/wp-content\/uploads\/2019\/09\/BARRA-PAN-DE-MAIZ-1024x680.jpg\" alt=\"\" class=\"wp-image-117\"\/><\/a><\/figure>\n\n\n\n<p>Pan de ma\u00edz fermentado en bloque como las chapatas, gran aroma y sabor. Se acompa\u00f1an de pipas de girasol crujientes en la corteja y jugosas en el interior.<\/p>\n\n\n\n<p>Ideal para quesos de untar.<\/p>\n\n\n\n<h2 class=\"wp-block-heading\">Riojanito<\/h2>\n\n\n\n<figure class=\"wp-block-image alignnone\"><a href=\"https:\/\/pancalsa.com\/wp-content\/uploads\/2019\/09\/SINSAL.jpg\"><img loading=\"lazy\" decoding=\"async\" width=\"1024\" height=\"680\" src=\"https:\/\/pancalsa.com\/wp-content\/uploads\/2019\/09\/SINSAL-1024x680.jpg\" alt=\"\" class=\"wp-image-129\" srcset=\"https:\/\/pancalsa.com\/wp-content\/uploads\/2019\/09\/SINSAL-1024x680.jpg 1024w, https:\/\/pancalsa.com\/wp-content\/uploads\/2019\/09\/SINSAL-300x199.jpg 300w, https:\/\/pancalsa.com\/wp-content\/uploads\/2019\/09\/SINSAL-768x510.jpg 768w\" sizes=\"(max-width: 1024px) 100vw, 1024px\" \/><\/a><figcaption class=\"wp-element-caption\">Riojanito<\/figcaption><\/figure>\n\n\n\n<p>Nuestro pan sobao m\u00e1s popular.<\/p>\n\n\n\n<p>Pan macizo, pan sobado, pan candeal, pan prieto, o pan Riojano son algunas de las formas de llamar a este pan que s\u00f3lo se produce en unas pocas provincias de Espa\u00f1a<\/p>\n\n\n\n<p>Ideal para acompa\u00f1ar con quesos fuertes, carnes y pescados. Es la novia del vino de rioja!<\/p>\n\n\n\n<h2 class=\"wp-block-heading\">Hogaza 7 cereales<\/h2>\n\n\n\n<figure class=\"wp-block-image alignnone\"><a href=\"https:\/\/pancalsa.com\/wp-content\/uploads\/2019\/09\/HOGAZA-7-CEREALES.jpg\"><img loading=\"lazy\" decoding=\"async\" width=\"1024\" height=\"680\" src=\"https:\/\/pancalsa.com\/wp-content\/uploads\/2019\/09\/HOGAZA-7-CEREALES-1024x680.jpg\" alt=\"\" class=\"wp-image-119\" srcset=\"https:\/\/pancalsa.com\/wp-content\/uploads\/2019\/09\/HOGAZA-7-CEREALES-1024x680.jpg 1024w, https:\/\/pancalsa.com\/wp-content\/uploads\/2019\/09\/HOGAZA-7-CEREALES-300x199.jpg 300w, https:\/\/pancalsa.com\/wp-content\/uploads\/2019\/09\/HOGAZA-7-CEREALES-768x510.jpg 768w\" sizes=\"(max-width: 1024px) 100vw, 1024px\" \/><\/a><figcaption class=\"wp-element-caption\">Hogaza 7 cereales<\/figcaption><\/figure>\n\n\n\n<p>Hogaza de 500 gramos de pan fermentado en bloque (chapatoides) con conjunto de 7 semillas.<\/p>\n\n\n\n<p>Ideal para desayunos o preparar aperitivos. Lo aguanta todo.<br>Si lo desea se la podemos rebanar<\/p>\n\n\n\n<h2 class=\"wp-block-heading\">Cortada<\/h2>\n\n\n\n<figure class=\"wp-block-image alignnone\"><a href=\"https:\/\/pancalsa.com\/wp-content\/uploads\/2019\/09\/MACIZO-3-BARRAS.jpg\"><img loading=\"lazy\" decoding=\"async\" width=\"1024\" height=\"680\" src=\"https:\/\/pancalsa.com\/wp-content\/uploads\/2019\/09\/MACIZO-3-BARRAS-1024x680.jpg\" alt=\"\" class=\"wp-image-125\" srcset=\"https:\/\/pancalsa.com\/wp-content\/uploads\/2019\/09\/MACIZO-3-BARRAS-1024x680.jpg 1024w, https:\/\/pancalsa.com\/wp-content\/uploads\/2019\/09\/MACIZO-3-BARRAS-300x199.jpg 300w, https:\/\/pancalsa.com\/wp-content\/uploads\/2019\/09\/MACIZO-3-BARRAS-768x510.jpg 768w\" sizes=\"(max-width: 1024px) 100vw, 1024px\" \/><\/a><figcaption class=\"wp-element-caption\">Pan sobado cortado en picos<\/figcaption><\/figure>\n\n\n\n<p>Pan sobado para los amantes de los curruscos.<\/p>\n\n\n\n<h2 class=\"wp-block-heading\">Hueca<\/h2>\n\n\n\n<figure class=\"wp-block-image alignnone\"><a href=\"https:\/\/pancalsa.com\/wp-content\/uploads\/2019\/09\/Hueco.jpg\"><img loading=\"lazy\" decoding=\"async\" width=\"1024\" height=\"680\" src=\"https:\/\/pancalsa.com\/wp-content\/uploads\/2019\/09\/Hueco-1024x680.jpg\" alt=\"\" class=\"wp-image-122\" srcset=\"https:\/\/pancalsa.com\/wp-content\/uploads\/2019\/09\/Hueco-1024x680.jpg 1024w, https:\/\/pancalsa.com\/wp-content\/uploads\/2019\/09\/Hueco-300x199.jpg 300w, https:\/\/pancalsa.com\/wp-content\/uploads\/2019\/09\/Hueco-768x510.jpg 768w\" sizes=\"(max-width: 1024px) 100vw, 1024px\" \/><\/a><figcaption class=\"wp-element-caption\">Hueco<\/figcaption><\/figure>\n\n\n\n<p>Pan hueco, ideal para untar, o bocadillos consistentes.<\/p>\n\n\n\n<p><\/p>\n\n\n\n<h2 class=\"wp-block-heading\">Hogaza de pan macizo<\/h2>\n\n\n\n<p><a href=\"https:\/\/pancalsa.com\/wp-content\/uploads\/2019\/09\/HOGAZA-CORTADA.jpg\"><\/a><\/p>\n\n\n\n<figure class=\"wp-block-image\"><a href=\"https:\/\/pancalsa.com\/wp-content\/uploads\/2019\/09\/HOGAZA-CORTADA.jpg\"><img loading=\"lazy\" decoding=\"async\" width=\"1024\" height=\"680\" src=\"https:\/\/pancalsa.com\/wp-content\/uploads\/2019\/09\/HOGAZA-CORTADA-1024x680.jpg\" alt=\"\" class=\"wp-image-120\" srcset=\"https:\/\/pancalsa.com\/wp-content\/uploads\/2019\/09\/HOGAZA-CORTADA-1024x680.jpg 1024w, https:\/\/pancalsa.com\/wp-content\/uploads\/2019\/09\/HOGAZA-CORTADA-300x199.jpg 300w, https:\/\/pancalsa.com\/wp-content\/uploads\/2019\/09\/HOGAZA-CORTADA-768x510.jpg 768w\" sizes=\"(max-width: 1024px) 100vw, 1024px\" \/><\/a><figcaption class=\"wp-element-caption\">Hogaza<\/figcaption><\/figure>\n\n\n\n<p>Pan sobado en formato hogaza. Un cl\u00e1sico.<\/p>\n\n\n\n<p><\/p>\n\n\n\n\n<\/div><h2 class=\"tabtitle\">Pasteler\u00eda<\/h2>\n<div class=\"tabcontent\">\n\n\n\n\n<h2 class=\"wp-block-heading\">Milhojas<\/h2>\n\n\n\n<figure class=\"wp-block-image size-large\"><a href=\"https:\/\/pancalsa.com\/wp-content\/uploads\/2019\/09\/milhojas2.jpg\"><img loading=\"lazy\" decoding=\"async\" width=\"1024\" height=\"576\" src=\"https:\/\/pancalsa.com\/wp-content\/uploads\/2019\/09\/milhojas2-1024x576.jpg\" alt=\"\" class=\"wp-image-168\" srcset=\"https:\/\/pancalsa.com\/wp-content\/uploads\/2019\/09\/milhojas2-1024x576.jpg 1024w, https:\/\/pancalsa.com\/wp-content\/uploads\/2019\/09\/milhojas2-300x169.jpg 300w, https:\/\/pancalsa.com\/wp-content\/uploads\/2019\/09\/milhojas2-768x432.jpg 768w\" sizes=\"(max-width: 1024px) 100vw, 1024px\" \/><\/a><figcaption class=\"wp-element-caption\">Milhojas de nata y crema<\/figcaption><\/figure>\n\n\n\n<h2 class=\"wp-block-heading\">Vueltas del Santo<\/h2>\n\n\n\n<figure class=\"wp-block-image size-large\"><a href=\"https:\/\/pancalsa.com\/wp-content\/uploads\/2019\/09\/20190825_102430.jpg\"><img loading=\"lazy\" decoding=\"async\" width=\"1024\" height=\"576\" src=\"https:\/\/pancalsa.com\/wp-content\/uploads\/2019\/09\/20190825_102430-1024x576.jpg\" alt=\"\" class=\"wp-image-157\" srcset=\"https:\/\/pancalsa.com\/wp-content\/uploads\/2019\/09\/20190825_102430-1024x576.jpg 1024w, https:\/\/pancalsa.com\/wp-content\/uploads\/2019\/09\/20190825_102430-300x169.jpg 300w, https:\/\/pancalsa.com\/wp-content\/uploads\/2019\/09\/20190825_102430-768x432.jpg 768w\" sizes=\"(max-width: 1024px) 100vw, 1024px\" \/><\/a><figcaption class=\"wp-element-caption\">Vueltas del santo<\/figcaption><\/figure>\n\n\n\n<h2 class=\"wp-block-heading\">Donuts<\/h2>\n\n\n\n<figure class=\"wp-block-image size-full\"><a href=\"https:\/\/pancalsa.com\/wp-content\/uploads\/2025\/03\/donuts_mostrador.jpg\"><img decoding=\"async\" src=\"https:\/\/pancalsa.com\/wp-content\/uploads\/2025\/03\/donuts_mostrador.jpg\" alt=\"\" class=\"wp-image-242\"\/><\/a><figcaption class=\"wp-element-caption\">Donuts cl\u00e1sicos y rellenos<\/figcaption><\/figure>\n\n\n\n<h2 class=\"wp-block-heading\">Miniberlinas y pasteles de queso<\/h2>\n\n\n\n<figure class=\"wp-block-image size-large\"><a href=\"https:\/\/pancalsa.com\/wp-content\/uploads\/2019\/09\/20190825_102728.jpg\"><img decoding=\"async\" src=\"https:\/\/pancalsa.com\/wp-content\/uploads\/2019\/09\/20190825_102728-1024x576.jpg\" alt=\"\" class=\"wp-image-162\"\/><\/a><\/figure>\n\n\n\n<h2 class=\"wp-block-heading\">Trenza de nueces y pi\u00f1ones<\/h2>\n\n\n\n<figure class=\"wp-block-image aligncenter size-large is-resized\"><a href=\"https:\/\/pancalsa.com\/wp-content\/uploads\/2025\/06\/trenza-2-scaled.jpg\"><img decoding=\"async\" src=\"https:\/\/pancalsa.com\/wp-content\/uploads\/2025\/06\/trenza-2-576x1024.jpg\" alt=\"\" class=\"wp-image-326\" style=\"width:340px;height:auto\"\/><\/a><figcaption class=\"wp-element-caption\">Trenza<\/figcaption><\/figure>\n\n\n<\/div><\/div>\n\n\n\n<p><br><\/p>\n","protected":false},"excerpt":{"rendered":"<p>En panader\u00eda Pancalsa estamos orgullosos de todos nuestros productos, per aqu\u00ed te presentamos algunos de los que m\u00e1s \u00e9xito tienen entre nuestros clientes. Sabemos que se te va a hacer la boca agua. Chapata Una bestia de 600 gr, sabrosa con una gran corteza crujiente. Ideal para untar, har\u00e1 las delicias en tus comidas. Baguette [&hellip;]<\/p>\n","protected":false},"author":2,"featured_media":0,"parent":0,"menu_order":0,"comment_status":"closed","ping_status":"closed","template":"","meta":{"_et_pb_use_builder":"off","_et_pb_old_content":"<!-- wp:paragraph -->\n<p>En panader\u00eda Pancalsa estamos orgullosos de todos nuestros productos, per aqu\u00ed te presentamos algunos de los que m\u00e1s \u00e9xito tienen entre nuestros clientes. Sabemos que se te va a hacer la boca agua.<\/p>\n<!-- \/wp:paragraph -->\n\n<!-- wp:paragraph -->\n<p><br>[tabby title=\"Panader\u00eda\"]<\/p>\n<!-- \/wp:paragraph -->\n\n<!-- wp:heading -->\n<h2 class=\"wp-block-heading\">Chapata<\/h2>\n<!-- \/wp:heading -->\n\n<!-- wp:image {\"id\":112,\"linkDestination\":\"custom\"} -->\n<figure class=\"wp-block-image\"><a href=\"https:\/\/pancalsa.com\/wp-content\/uploads\/2019\/09\/chapata.jpg\"><img src=\"https:\/\/pancalsa.com\/wp-content\/uploads\/2019\/09\/chapata-1024x680.jpg\" alt=\"\" class=\"wp-image-112\"\/><\/a><\/figure>\n<!-- \/wp:image -->\n\n<!-- wp:paragraph -->\n<p>Una bestia de 600 gr, sabrosa con una gran corteza crujiente. Ideal para untar, har\u00e1 las delicias en tus comidas.<\/p>\n<!-- \/wp:paragraph -->\n\n<!-- wp:heading -->\n<h2 class=\"wp-block-heading\">Baguette<\/h2>\n<!-- \/wp:heading -->\n\n<!-- wp:image {\"id\":115,\"linkDestination\":\"custom\"} -->\n<figure class=\"wp-block-image\"><a href=\"https:\/\/pancalsa.com\/wp-content\/uploads\/2019\/09\/BAGUETTES.jpg\"><img src=\"https:\/\/pancalsa.com\/wp-content\/uploads\/2019\/09\/BAGUETTES-1024x680.jpg\" alt=\"\" class=\"wp-image-115\"\/><\/a><\/figure>\n<!-- \/wp:image -->\n\n<!-- wp:paragraph -->\n<p>Baguette de pan pan, con sabor y corteza crujiente. Disponible tambi\u00e9n en formato de media cocci\u00f3n, m\u00e1s suave al paladar.<\/p>\n<!-- \/wp:paragraph -->\n\n<!-- wp:paragraph -->\n<p>Ideal para bocadillos.<\/p>\n<!-- \/wp:paragraph -->\n\n<!-- wp:heading -->\n<h2 class=\"wp-block-heading\">Chapata de ma\u00edz<\/h2>\n<!-- \/wp:heading -->\n\n<!-- wp:image {\"id\":117,\"linkDestination\":\"custom\"} -->\n<figure class=\"wp-block-image\"><a href=\"https:\/\/pancalsa.com\/wp-content\/uploads\/2019\/09\/BARRA-PAN-DE-MAIZ.jpg\"><img src=\"https:\/\/pancalsa.com\/wp-content\/uploads\/2019\/09\/BARRA-PAN-DE-MAIZ-1024x680.jpg\" alt=\"\" class=\"wp-image-117\"\/><\/a><\/figure>\n<!-- \/wp:image -->\n\n<!-- wp:paragraph -->\n<p>Pan de ma\u00edz fermentado en bloque como las chapatas, gran aroma y sabor. Se acompa\u00f1an de pipas de girasol crujientes en la corteja y jugosas en el interior.<\/p>\n<!-- \/wp:paragraph -->\n\n<!-- wp:paragraph -->\n<p>Ideal para quesos de untar.<\/p>\n<!-- \/wp:paragraph -->\n\n<!-- wp:heading -->\n<h2 class=\"wp-block-heading\">Riojanito<\/h2>\n<!-- \/wp:heading -->\n\n<!-- wp:image {\"id\":129,\"className\":\"alignnone\"} -->\n<figure class=\"wp-block-image alignnone\"><a href=\"https:\/\/pancalsa.com\/wp-content\/uploads\/2019\/09\/SINSAL.jpg\"><img src=\"https:\/\/pancalsa.com\/wp-content\/uploads\/2019\/09\/SINSAL-1024x680.jpg\" alt=\"\" class=\"wp-image-129\"\/><\/a><figcaption class=\"wp-element-caption\">Riojanito<\/figcaption><\/figure>\n<!-- \/wp:image -->\n\n<!-- wp:paragraph -->\n<p>Nuestro pan sobao m\u00e1s popular.<\/p>\n<!-- \/wp:paragraph -->\n\n<!-- wp:paragraph -->\n<p>Pan macizo, pan sobado, pan candeal, pan prieto, o pan Riojano son algunas de las formas de llamar a este pan que s\u00f3lo se produce en unas pocas provincias de Espa\u00f1a<\/p>\n<!-- \/wp:paragraph -->\n\n<!-- wp:paragraph -->\n<p>Ideal para acompa\u00f1ar con quesos fuertes, carnes y pescados. Es la novia del vino de rioja!<\/p>\n<!-- \/wp:paragraph -->\n\n<!-- wp:heading -->\n<h2 class=\"wp-block-heading\">Hogaza 7 cereales<\/h2>\n<!-- \/wp:heading -->\n\n<!-- wp:image {\"id\":119,\"className\":\"alignnone\"} -->\n<figure class=\"wp-block-image alignnone\"><a href=\"https:\/\/pancalsa.com\/wp-content\/uploads\/2019\/09\/HOGAZA-7-CEREALES.jpg\"><img src=\"https:\/\/pancalsa.com\/wp-content\/uploads\/2019\/09\/HOGAZA-7-CEREALES-1024x680.jpg\" alt=\"\" class=\"wp-image-119\"\/><\/a><figcaption class=\"wp-element-caption\">Hogaza 7 cereales<\/figcaption><\/figure>\n<!-- \/wp:image -->\n\n<!-- wp:paragraph -->\n<p>Hogaza de 500 gramos de pan fermentado en bloque (chapatoides) con conjunto de 7 semillas.<\/p>\n<!-- \/wp:paragraph -->\n\n<!-- wp:paragraph -->\n<p>Ideal para desayunos o preparar aperitivos. Lo aguanta todo.<br>Si lo desea se la podemos rebanar<\/p>\n<!-- \/wp:paragraph -->\n\n<!-- wp:heading -->\n<h2 class=\"wp-block-heading\">Cortada<\/h2>\n<!-- \/wp:heading -->\n\n<!-- wp:image {\"id\":125,\"className\":\"alignnone\"} -->\n<figure class=\"wp-block-image alignnone\"><a href=\"https:\/\/pancalsa.com\/wp-content\/uploads\/2019\/09\/MACIZO-3-BARRAS.jpg\"><img src=\"https:\/\/pancalsa.com\/wp-content\/uploads\/2019\/09\/MACIZO-3-BARRAS-1024x680.jpg\" alt=\"\" class=\"wp-image-125\"\/><\/a><figcaption class=\"wp-element-caption\">Pan sobado cortado en picos<\/figcaption><\/figure>\n<!-- \/wp:image -->\n\n<!-- wp:paragraph -->\n<p>Pan sobado para los amantes de los curruscos.<\/p>\n<!-- \/wp:paragraph -->\n\n<!-- wp:heading -->\n<h2 class=\"wp-block-heading\">Hueca<\/h2>\n<!-- \/wp:heading -->\n\n<!-- wp:image {\"id\":122,\"className\":\"alignnone\"} -->\n<figure class=\"wp-block-image alignnone\"><a href=\"https:\/\/pancalsa.com\/wp-content\/uploads\/2019\/09\/Hueco.jpg\"><img src=\"https:\/\/pancalsa.com\/wp-content\/uploads\/2019\/09\/Hueco-1024x680.jpg\" alt=\"\" class=\"wp-image-122\"\/><\/a><figcaption class=\"wp-element-caption\">Hueco<\/figcaption><\/figure>\n<!-- \/wp:image -->\n\n<!-- wp:paragraph -->\n<p>Pan hueco, ideal para untar, o bocadillos consistentes.<\/p>\n<!-- \/wp:paragraph -->\n\n<!-- wp:paragraph -->\n<p><\/p>\n<!-- \/wp:paragraph -->\n\n<!-- wp:heading -->\n<h2 class=\"wp-block-heading\">Hogaza de pan macizo<\/h2>\n<!-- \/wp:heading -->\n\n<!-- wp:paragraph -->\n<p><a href=\"https:\/\/pancalsa.com\/wp-content\/uploads\/2019\/09\/HOGAZA-CORTADA.jpg\"><\/a><\/p>\n<!-- \/wp:paragraph -->\n\n<!-- wp:image {\"id\":120,\"linkDestination\":\"custom\"} -->\n<figure class=\"wp-block-image\"><a href=\"https:\/\/pancalsa.com\/wp-content\/uploads\/2019\/09\/HOGAZA-CORTADA.jpg\"><img src=\"https:\/\/pancalsa.com\/wp-content\/uploads\/2019\/09\/HOGAZA-CORTADA-1024x680.jpg\" alt=\"\" class=\"wp-image-120\"\/><\/a><\/figure>\n<!-- \/wp:image -->\n\n<!-- wp:paragraph -->\n<p>Pan sobado en formato hogaza. Un cl\u00e1sico.<\/p>\n<!-- \/wp:paragraph -->\n\n<!-- wp:paragraph -->\n<p><\/p>\n<!-- \/wp:paragraph -->\n\n<!-- wp:paragraph -->\n<p>[tabby title=\"Pasteler\u00eda\"]<\/p>\n<!-- \/wp:paragraph -->\n\n<!-- wp:paragraph -->\n<p><\/p>\n<!-- \/wp:paragraph -->\n\n<!-- wp:paragraph -->\n<p><\/p>\n<!-- \/wp:paragraph -->\n\n<p><a href=\"https:\/\/pancalsa.com\/wp-content\/uploads\/2019\/09\/milhojas2.jpg\"><img class=\"wp-image-168 size-large\" src=\"https:\/\/pancalsa.com\/wp-content\/uploads\/2019\/09\/milhojas2-1024x576.jpg\" alt=\"Mihojas de nata y crema\" width=\"1024\" height=\"576\" \/><\/a> Mihojas de nata y crema<\/p>\n[caption id=\"attachment_157\" align=\"alignnone\" width=\"1024\"]<a href=\"https:\/\/pancalsa.com\/wp-content\/uploads\/2019\/09\/20190825_102430.jpg\"><img class=\"wp-image-157 size-large\" src=\"https:\/\/pancalsa.com\/wp-content\/uploads\/2019\/09\/20190825_102430-1024x576.jpg\" alt=\"Vueltas del Santo\" width=\"1024\" height=\"576\" \/><\/a> Vueltas del Santo[\/caption]\n[caption id=\"attachment_163\" align=\"alignnone\" width=\"1024\"]<a href=\"https:\/\/pancalsa.com\/wp-content\/uploads\/2019\/09\/20190825_102738.jpg\"><img class=\"wp-image-163 size-large\" src=\"https:\/\/pancalsa.com\/wp-content\/uploads\/2019\/09\/20190825_102738-1024x576.jpg\" alt=\"\" width=\"1024\" height=\"576\" \/><\/a> Donuts[\/caption]\n[caption id=\"attachment_162\" align=\"alignnone\" width=\"1024\"]<a href=\"https:\/\/pancalsa.com\/wp-content\/uploads\/2019\/09\/20190825_102728.jpg\"><img class=\"wp-image-162 size-large\" src=\"https:\/\/pancalsa.com\/wp-content\/uploads\/2019\/09\/20190825_102728-1024x576.jpg\" alt=\"\" width=\"1024\" height=\"576\" \/><\/a> Miniberlinas y pastel de queso[\/caption]\n<p><a style=\"display: inline !important;\" href=\"https:\/\/pancalsa.com\/wp-content\/uploads\/2019\/09\/20190825_102416.jpg\"><img class=\"wp-image-154 size-large\" src=\"https:\/\/pancalsa.com\/wp-content\/uploads\/2019\/09\/20190825_102416-1024x576.jpg\" alt=\"\" width=\"1024\" height=\"576\" \/><\/a><\/p>\n<p>Milhojas<\/p>\n\n<!-- wp:image {\"id\":326,\"sizeSlug\":\"large\",\"linkDestination\":\"media\"} -->\n<figure class=\"wp-block-image size-large\"><a href=\"https:\/\/pancalsa.com\/wp-content\/uploads\/2025\/06\/trenza-2-scaled.jpg\"><img src=\"https:\/\/pancalsa.com\/wp-content\/uploads\/2025\/06\/trenza-2-576x1024.jpg\" alt=\"\" class=\"wp-image-326\"\/><\/a><\/figure>\n<!-- \/wp:image -->\n\n<!-- wp:shortcode -->\n<br \/>[tabbyending]<\/p>\n<!-- \/wp:shortcode -->\n\n<!-- wp:paragraph -->\n<p><br><\/p>\n<!-- \/wp:paragraph -->","_et_gb_content_width":"","footnotes":""},"class_list":["post-347","page","type-page","status-publish","hentry"],"_links":{"self":[{"href":"https:\/\/pancalsa.com\/index.php?rest_route=\/wp\/v2\/pages\/347","targetHints":{"allow":["GET"]}}],"collection":[{"href":"https:\/\/pancalsa.com\/index.php?rest_route=\/wp\/v2\/pages"}],"about":[{"href":"https:\/\/pancalsa.com\/index.php?rest_route=\/wp\/v2\/types\/page"}],"author":[{"embeddable":true,"href":"https:\/\/pancalsa.com\/index.php?rest_route=\/wp\/v2\/users\/2"}],"replies":[{"embeddable":true,"href":"https:\/\/pancalsa.com\/index.php?rest_route=%2Fwp%2Fv2%2Fcomments&post=347"}],"version-history":[{"count":8,"href":"https:\/\/pancalsa.com\/index.php?rest_route=\/wp\/v2\/pages\/347\/revisions"}],"predecessor-version":[{"id":379,"href":"https:\/\/pancalsa.com\/index.php?rest_route=\/wp\/v2\/pages\/347\/revisions\/379"}],"wp:attachment":[{"href":"https:\/\/pancalsa.com\/index.php?rest_route=%2Fwp%2Fv2%2Fmedia&parent=347"}],"curies":[{"name":"wp","href":"https:\/\/api.w.org\/{rel}","templated":true}]}}